 (-1 - 2)) + 0.
1
What is the value of (-5 - (-2 - 0)) + 0 + 0?
-3
Evaluate 0 + (-20 - -8) - -18.
6
Calculate 14 + -11 - (7 + -2).
-2
What is 5 + 6 + -5 + 6 + -14?
-2
Evaluate 1 + 3 + (-14 - -1) + 5.
-4
What is the value of (-3 - -8) + -1 - -1?
5
What is -12 - (13 + (-39 - -12))?
2
Calculate -2 + -1 + 2 + 5 + 1.
5
Evaluate 1 - (4 + -4 + -1).
2
What is the value of -9 + -3 + 10 - (4 + 3)?
-9
Calculate (7 - 1) + 5 + (-10 - -1).
2
Calculate -4 + 2 + 3 + -6.
-5
0 + -10 + 14 + -26 + 15
-7
Evaluate 462 - 473 - (-6 - (1 - 2)).
-6
What is the value of -6 - (-3 - ((-5 - -1) + 3))?
-4
Evaluate (3 - (2 + -3)) + -4.
0
What is (1 - 1 - -1) + (-21 - -19)?
-1
7 + 5 + -9 + 2
5
Calculate (-2 - 1) + (-1 - -9).
5
What is the value of -6 + (6 - 7) + 6?
-1
Evaluate -1 - (2 + -4) - -5 - 2.
4
What is 0 - 0 - (-8 + 12)?
-4
Calculate 0 + -1 + (-6 - -7) - 1.
-1
Calculate 8 + -2 + -2 + 5.
9
Calculate 10 + (2 - 5) - 7.
0
What is -1 - (1 - -2 - 5)?
1
Calculate -8 + (9 + -6 - 0).
-5
3 - (-1 - 2 - -7) - 0
-1
3 + -5 + 4 + 2
4
Evaluate (6 - -2) + 5 + -9.
4
Evaluate -3 - (8 - 11 - -2).
-2
Evaluate (-13 - -16) + (1 - 2).
2
What is -1 + 4 + 0 - 3?
0
Calculate (-7 - 5) + 25 + -17.
-4
What is 4 + -6 + 4 - 6?
-4
What is the value of 2 - (5 - 7 - 0)?
4
Calculate 28 - 10 - (14 - 3).
7
Calculate (-7 + 11 - 4) + 0.
0
Calculate -12 + (3 - -4) + 3 - -7.
5
What is -4 - ((8 - 11) + -4)?
3
12 - (35 - 10) - -6
-7
-9 + 2 + -1 + 1 + 2
-5
Calculate 3 - (13 - (4 - -5)).
-1
Calculate -1 + 1 + 2 - 5 - -7.
4
Calculate 0 - (0 + 0) - (9 + -6).
-3
(8 - 8) + -3 + (-1 - -5)
1
Evaluate 2 + 3 + (-1 - 4).
0
8 + -5 + 1 + (2 - 3)
3
What is 1 + 2 + 14 + -18?
-1
-5 + 6 + -4 + -1
-4
Evaluate -4 - (9 - 13 - 8).
8
Evaluate -15 + (1 - 2 - -11).
-5
Calculate (-52 - -46) + 2 + -1 - -11.
6
-6 + 0 + (14 - -8) + -10
6
Calculate (3 - (-10 - -9)) + -11.
-7
What is 53 + -50 + (-1 - 0)?
2
What is 1 - 8 - (-3 - (-2 + 1))?
-5
What is (2 - -5) + (40 - 48)?
-1
Evaluate -2 + -5 + (2 - -2).
-3
What is 25 + -29 - (-1 - 6)?
3
Calculate (-3 - 0) + 8 + (-64 - -54).
-5
What is 6 + (4 - 7) + -3 - -1?
1
Calculate -8 - (-24 + 6 + 2).
8
(-14 - -24) + -24 + 13
-1
Calculate (-9 - -11) + 2 - -3.
7
Calculate (0 - (4 - 0)) + (5 - 2).
-1
Calculate -15 + 7 + (3 - 0).
-5
What is the value of 2 - (0 + (-5 - -9))?
-2
-5 + (-1 - (1 + -9))
2
0 + -1 + 6 - (-142 - -146)
1
Evaluate -6 + 4 + 6 - 10.
-6
What is the value of -5 - -2 - (-2 - 3)?
2
Calculate 17 - (19 - 9) - 8.
-1
Evaluate (-7 - -1) + (5 - 3) + 4.
0
-2 + 10 - ((-4 - -4) + 3)
5
What is (1 - -8) + (-11 - -5)?
3
Calculate -3 + 2 - -7 - 1.
5
What is the value of 0 - -8 - (39 - 32)?
1
3 + 1 + -6 - (-5 + 0)
3
Calculate (4 - 0) + -12 + (7 - 7).
-8
What is -52 + 55 + (1 - (7 - -2))?
-5
Calculate (-16 - -11) + (-1 - -1).
-5
Calculate 6 - ((28 - 22) + -3 + -1).
4
What is the value of -4 + -1 + 8 - (1 - -7)?
-5
Calculate (2 - -5) + -7 + 0.
0
What is the value of -7 - ((-5 - -1) + -1)?
-2
What is 1 - ((-3 - (4 - 6)) + 1)?
1
(-3 - (-3 - -4)) + 5 - 4
-3
What is 3 + (-3 - (-2 + 2))?
0
What is -2 - (-1 - (-1 - (-1 + 3)))?
-4
What is -4 + (-1 - -2) - (27 - 25)?
-5
Evaluate -7 + (14 - 3) - (13 - 1).
-8
What is the value of (-2 - -1) + -1 - -4?
2
Evaluate 41 + -34 - (0 + 12).
-5
Calculate 0 + 5 + 0 + -5 - 0.
0
What is the value of -4 + (-1 - 0 - 1)?
-6
Calculate 5 + -11 + 5 - -3.
2
What is the value of (0 - -3) + 23 + -22 + 4?
8
Calculate -1 - 5 - (-2 - (4 - 5)).
-5
What is the value of 3 - -7 - (11 + -5)?
4
Evaluate -16 + 6 - -6 - -9.
5
Calculate 15 + -9 + -1 + -5.
0
Calculate 9 - 7 - (-2 - -1 - 0).
3
Calculate -182 + 188 - (3 - 0).
3
Evaluate -3 + -3 + 2 - (1 - 2).
-3
What is -6 - (0 + 1 + (-20 - -18))?
-5
Calculate -15 + 12 + -2 + 3 + -6.
-8
Evaluate 7 + (0 - -1) + -5 + -3.
0
-3 + (-3 - -4) + 13 - 5
6
Evaluate -5 + (-5 - -4 - 0) - -6.
0
Calculate 0 + -4 + 8 - 2 - 2.
0
What is the value of (4 - -2) + -4 - 0?
2
Calculate (-1 + 8 - (3 + 2)) + -3.
-1
Evaluate 5 - (2 + -2 + 3) - -2.
4
(-21 + 38 - 17) + 1 + 4
5
What is 2 + -4 + 0 + 7?
5
Evaluate (4 - (-2 + 0 - -2)) + -1.
3
Calculate -9 - (6 - 9) - -11.
5
(10 + 3 - 4) + 0 + -5
4
-2 + -3 + 8 + -1 + 1
3
Calculate (-6 - -13) + (-7 + 3 - 10).
-7
Calculate (-1 - 2) + -55 + 54.
-4
What is (-3 + 3 - -5) + 5 + -7?
3
Evaluate (44 - 37) + (1 - 7) + 6.
7
Calculate (-1 - (1 + -4)) + -5 - -4.
1
What is the value of 4 + -7 + 9 + -5 + 9?
10
Calculate -10 - (4 + -21 - 1).
8
6 + (6 - 1 - (-1 - -12))
0
What is the value of 7 + -8 + (-2 - -9)?
6
What is 13 - ((-1 - -3) + 3) - -2?
10
What is (-5 - -2) + -2 - (-40 + 44)?
-9
What is the value of 8 - ((4 - 0) + 2 + -3)?
5
What is (9 - 1) + (7 + -27 - -16)?
4
What is 2 + 2 - (7 - 7)?
4
What is 2 + (-6 + (2 - -1) - -3)?
2
Evaluate 3 + (0 - (7 + -3)).
-1
What is the value of -2 + (3 - 2) - 3?
-4
(-4 - -2) + (-2 - (2 - 5))
-1
What is the value of 3 - (7 - (-1 - 6))?
-11
Calculate -4 + 2 + 3 + -6.
-5
5 - (3 + (-8 - 1) + 10)
1
Evaluate 14 + -5 + 3 + -18.
-6
Evaluate -2 + -4 + 11 + (3 - 8).
0
5 - 8 - (-4 - (1 - -2))
4
Evaluate (1 - -7) + (-55 - -49).
2
What is -2 + (9 - 9) - 9?
-11
Evaluate (2 - (5 + -12 + 4)) + -5.
0
Calculate 3 - 8 - (-10 - (2 + -2)).
5
Evaluate -3 + (6 - 5 - 0) - 0.
-2
What is -3 - (1 + 1 + -5) - 5?
-5
What is the value of 9 + 1 + 6 + -17?
-1
Calculate (2 - (-4 + 8)) + (3 - 0).
1
(3 - -1) + 3 + -7 + 0
0
Calculate -11 + (4 - (-9 + 9)).
-7
Calculate 5 - (-2 + -4 + 4 - -9).
-2
Calculate (1 - 0) + (-9 - -5).
-3
What is (8 + -2 - 3) + 14 + -19?
-2
What is (-5 - -2) + 3 - -1 - 2?
-1
What is -1 + (-1 - 9) + 6?
-5
What is (0 - -3) + -11 + (-16 - -16)?
-8
Evaluate 12 - (12 + 5 - -5).
-10
What is -9 - ((-3 - 5) + -2)?
1
What is the value of 4 + -6 + 2 + -1?
-1
-10 + (32 + -8 - 10)
4
What is -4 + 10 - (3 + 5)?
-2
Evaluate -4 + 2 - (-3 + 2 + -1).
0
Evaluate (0 - (1 - 2)) + -5.
-4
What is 2 + (-2 - 6) - -2?
-4
What is 0 + (-1 - (4 - 3))?
-2
What is the value of -6 - (-5 + -5 + 3)?
1
(6 - 7) + 12 - 11
0
Calculate (1 - 0) + (-6 - 1 - -7).
1
1 - (10 + -8 + -1)
0
Calculate 0 + -1 + 5 + -6 + 4.
2
What is 5 + -7 + 2 - 5?
-5
What is the value of (5 - (-8 + 4)) + -5?
4
What is 5 - (-5 - -1) - 4?
5
What is (-4 - (-1 + -6)) + (-2 - -1)?
2
Evaluate -8 - (-1 - 3 - -2).
-6
Evaluate (11 - 16) + (-2 - -16).
9
What is the value of 0 + (1 - -2 - (9 + -6))?
0
Calculate 2 + (-1 - 0) - 3 - 0.
-2
What is -6 - ((1 - 9) + 11)?
-9
What is the value of (1 - -2) + 14 + -6 + -6?
5
Calculate -1 - ((-3 - 3) + 15).
-10
Calculate -1 - -2 - (-3 - (-1 + -3)).
0
What is the value of -1 - (0 + 2 + -2 + 3)?
-4
What is the value of -1 + (-4 + 6 - (0 - 0))?
1
0 + -3 - (5 - 4 - 5)
1
5 + 3 - (-24 + 30)
2
Calculate 1 + (-4 - -2) + 1.
0
Calculate (-2 + -4 - -12) + -1 + -1.
4
-36 + 32 + 2 + -2 + 1
-3
Calculate -1 + (9 - -4) - 6.
6
Calculate (5 - 1) + (0 - (8 + -3)).
-1
What is 5 - (6 - 0 - (8 + -7))?
0
5 + -2 - 2 - -2
3
-4 + (6 - (22 - 4)) - -5
-11
Calculate (13 + -15 - 5) + -1 + 1.
-7
What is the value of (-1 - (1 + -8)) + (-120 - -121)?
7
Calculate -5 + 6 + 7 + -3.
5
What is -6 - -4 - 0 - -5?
3
What is -4 + (-3 - (-1 + 0))?
-6
Calculate 1 + 7 + -13 + -2.
-7
What is 0 + (-1 - 1) + 0 + 1?
-1
Calculate (6 + -5 - -6) + -4.
3
-7 + (5 - 0) + 6
4
Calculate (7 - -2) + -5 + -8 - 1.
-5
What is the value of (1 - (-2 + 8)) + (18 - 9)?
4
2 + (-7 - (-7 + -2))
4
Evaluate -3 + 4 + -1 - 0.
0
Calculate 0 + 3 - (8 - 0 - 3).
-2
Evaluate -6 + 8 + 1 - -1.
4
What is 3 + 15 + -8 + -11?
-1
What is the value of -4 + (8 - (1 + 3))?
0
Evaluate 2 + -5 + 4 + -2.
-1
-3 + -1 + (-4 - (4 + -10))
-2
Calculate 0 + -8 + -51 + 55.
-4
Evaluate -4 - (-16 - -8 - 2).
6
What is (-9 + 7 - -7) + -10?
-5
5 + (5 - 12) + 1
-1
Calculate 20 + -25 - (-2 - 2 - 2).
1
Calculate (30 - 31) + 5 + -1 - -2.
5
Calculate -1 + (5 - 2) - (42 - 46).
6
What is 11 + -10 + 1 + -2 + 0?
0
Calculate (-1 - 4) + 2 - -1 - -4.
2
Evaluate -2 + 0 + 2 + 1 - 2.
-1
What is 0 - 3 - 0 - (-1 - -2)?
-4
What is the value of -5 - -1 - (-9 + 1)?
4
Evaluate 3 + (-1 - -1) - (-114 - -121).
-4
Calculate (-5 - -2) + 8 + -5.
0
Evaluate 0 - (-6 + (8 - 1)).
-1
Calculate -4 + (-1 - 5 - -9) + 1.
0
What is -4 - (13 + -24) - 14?
-7
What is the value of -9 + -2 + (0 - -8)?
-3
What is -1 - (0 + -3 + 2)?
0
Calculate 9 + 5 + -11 + -3.
0
Evaluate (-9 - (-13 + 8)) + -1.
-5
What is the value of 2 - -4 - (-2 + -3 + 6)?
5
4 + -3 + (-6 - -4)
-1
Calculate -3 + 16 + -5 + -2 + -5.